{"id":2191,"date":"2021-05-04T15:11:54","date_gmt":"2021-05-04T13:11:54","guid":{"rendered":"https:\/\/bryggerikrogen.se\/?page_id=2191"},"modified":"2026-03-07T17:14:39","modified_gmt":"2026-03-07T16:14:39","slug":"konferens-duplicate-1","status":"publish","type":"page","link":"https:\/\/bryggerikrogen.se\/?page_id=2191","title":{"rendered":"Om oss &#038; jobba p\u00e5 Bryggerikrogen"},"content":{"rendered":"\n<p><\/p>\n\n\n\n<div class=\"wp-block-group alignfull has-white-background-color has-background is-layout-flow wp-block-group-is-layout-flow\"><div class=\"wp-block-group__inner-container\">\n<h5 class=\"wp-block-heading\">V\u00e4lkommen till v\u00e5r restaurang<\/h5>\n\n\n\n<div class=\"wp-block-media-text is-stacked-on-mobile\"><figure class=\"wp-block-media-text__media\"><img loading=\"lazy\" decoding=\"async\" width=\"768\" height=\"1024\" src=\"https:\/\/bryggerikrogen.se\/wp-content\/uploads\/2026\/03\/restaurang-kvall-768x1024.jpg\" alt=\"\" class=\"wp-image-5042 size-full\" srcset=\"https:\/\/bryggerikrogen.se\/wp-content\/uploads\/2026\/03\/restaurang-kvall-768x1024.jpg 768w, https:\/\/bryggerikrogen.se\/wp-content\/uploads\/2026\/03\/restaurang-kvall-225x300.jpg 225w, https:\/\/bryggerikrogen.se\/wp-content\/uploads\/2026\/03\/restaurang-kvall-1152x1536.jpg 1152w, https:\/\/bryggerikrogen.se\/wp-content\/uploads\/2026\/03\/restaurang-kvall-1536x2048.jpg 1536w, https:\/\/bryggerikrogen.se\/wp-content\/uploads\/2026\/03\/restaurang-kvall-1200x1600.jpg 1200w, https:\/\/bryggerikrogen.se\/wp-content\/uploads\/2026\/03\/restaurang-kvall-1980x2640.jpg 1980w, https:\/\/bryggerikrogen.se\/wp-content\/uploads\/2026\/03\/restaurang-kvall-scaled.jpg 1920w\" sizes=\"(max-width: 768px) 100vw, 768px\" \/><\/figure><div class=\"wp-block-media-text__content\">\n<p>Den 6 augusti 2015 \u00f6ppnade vi d\u00f6rrarna f\u00f6r f\u00f6rsta g\u00e5ngen. Sedan dess har grundtanken varit att servera riktig mat, gjord p\u00e5 svenska r\u00e5varor i s\u00e4song, naturligt vin och \u00f6l fr\u00e5n svenska bryggerier, i en v\u00e4lkomnande och hj\u00e4rtlig milj\u00f6.<\/p>\n<\/div><\/div>\n\n\n\n<p><\/p>\n\n\n\n<h5 class=\"wp-block-heading\">V\u00e5r pub<\/h5>\n\n\n\n<div class=\"wp-block-media-text has-media-on-the-right is-stacked-on-mobile\"><div class=\"wp-block-media-text__content\">\n<p>I puben vill vi skapa en naturlig, avslappnad m\u00f6tesplats. P\u00e5 sommaren f\u00f6rl\u00e4ngs puben med Bakg\u00e5rden och de rustika lokalerna i det vi kallar \u00c5-huset. I \u00c5-huset kan man \u00e4ven f\u00e5 tillg\u00e5ng till egen matsal, f\u00f6r fest och middag. <\/p>\n\n\n\n<p>Vi \u00e4r stolta och glada att kunna servera ett stort utbud av olika \u00f6lsorter fr\u00e5n svenska bryggerier. \u00c4r du sugen p\u00e5 ett glas vin har vi flera naturviner. Sj\u00e4lvklart har vi \u00e4ven en diger lista p\u00e5 alkoholfria drycker.<\/p>\n<\/div><figure class=\"wp-block-media-text__media\"><img loading=\"lazy\" decoding=\"async\" width=\"768\" height=\"1024\" src=\"https:\/\/bryggerikrogen.se\/wp-content\/uploads\/2026\/03\/pub-framsida-768x1024.jpg\" alt=\"\" class=\"wp-image-5043 size-full\" srcset=\"https:\/\/bryggerikrogen.se\/wp-content\/uploads\/2026\/03\/pub-framsida-768x1024.jpg 768w, https:\/\/bryggerikrogen.se\/wp-content\/uploads\/2026\/03\/pub-framsida-225x300.jpg 225w, https:\/\/bryggerikrogen.se\/wp-content\/uploads\/2026\/03\/pub-framsida-1152x1536.jpg 1152w, https:\/\/bryggerikrogen.se\/wp-content\/uploads\/2026\/03\/pub-framsida-1536x2048.jpg 1536w, https:\/\/bryggerikrogen.se\/wp-content\/uploads\/2026\/03\/pub-framsida-1200x1600.jpg 1200w, https:\/\/bryggerikrogen.se\/wp-content\/uploads\/2026\/03\/pub-framsida-1980x2640.jpg 1980w, https:\/\/bryggerikrogen.se\/wp-content\/uploads\/2026\/03\/pub-framsida-scaled.jpg 1920w\" sizes=\"(max-width: 768px) 100vw, 768px\" \/><\/figure><\/div>\n\n\n\n<p><\/p>\n\n\n\n<h5 class=\"wp-block-heading\">Kr\u00f6gar\u00b4n<\/h5>\n\n\n\n<div class=\"wp-block-media-text is-stacked-on-mobile\"><figure class=\"wp-block-media-text__media\"><img loading=\"lazy\" decoding=\"async\" width=\"679\" height=\"658\" src=\"https:\/\/bryggerikrogen.se\/wp-content\/uploads\/2015\/11\/veronica.jpg\" alt=\"\" class=\"wp-image-1386 size-full\" srcset=\"https:\/\/bryggerikrogen.se\/wp-content\/uploads\/2015\/11\/veronica.jpg 679w, https:\/\/bryggerikrogen.se\/wp-content\/uploads\/2015\/11\/veronica-300x291.jpg 300w\" sizes=\"(max-width: 679px) 100vw, 679px\" \/><\/figure><div class=\"wp-block-media-text__content\">\n<p>Veronica Carlsson \u00e4r uppvuxen i Bergslagen. Efter m\u00e5nga \u00e5r i \u00c5re, p\u00e5 bl a Villa Tottebo och F\u00e4viken Magasinet, arbetade hon i Stockholm, senast 5 \u00e5r hos Mathias Dahlgren. Hon har stor erfarenhet inom gastronomi och dryckeskunskap. 2015 flyttade Veronica hem och grundade Bryggerikrogen. <\/p>\n<\/div><\/div>\n\n\n\n<p><\/p>\n\n\n\n<h5 class=\"wp-block-heading\">Kvarteret Bryggeriet<\/h5>\n\n\n\n<p>Tack vare sitt l\u00e4ge intill tre forsar har platsen som idag kallas Kvarteret Bryggeriet varit ett industriomr\u00e5de med anor fr\u00e5n 1500-talet. Bryggerihuset, som idag \u00e4r konsthall, byggdes fr\u00e5n 1893 och man kan fortfarande se sp\u00e5r av den \u00f6ltillverkning som p\u00e5gick d\u00e4r fram till 1950-talet. De \u00f6vriga byggnaderna i omr\u00e5det uppf\u00f6rdes 1890\u20131950. V\u00e5r restaurang ligger i gamla T\u00e4ndr\u00f6rsfabriken, som anv\u00e4ndes till bland annat tillverkning av stubintr\u00e5d, tj\u00e4rkokeri och f\u00f6rvaring av krut.&nbsp;<\/p>\n\n\n\n<div class=\"wp-block-media-text alignwide has-media-on-the-right is-stacked-on-mobile\" style=\"grid-template-columns:auto 35%\"><div class=\"wp-block-media-text__content\">\n<h5 class=\"wp-block-heading\">Jobba hos oss<\/h5>\n\n\n\n<p><strong>Tj\u00e4nster vi s\u00f6ker:  <\/strong><\/p>\n\n\n\n<p>1 tj\u00e4nst servering 75-100% <br>Vi letar efter dig som:<br>-Har minst 2 \u00e5rs erfarenhet av restaurangbranschen<br>&#8211; Dryckeskunskap \u00e4r meriterande<br>&#8211; \u00c4r serviceinriktad och kunskapshungrig<br>&#8211; Gillar att jobba i grupp och \u00e4r engagerad<\/p>\n\n\n\n<p><strong>Sommar 2026<\/strong><br>Kockar 3 tj\u00e4nster <br>Vi leter efter dig som:<br>&#8211; Har erfarenhet av arbete som kock<br>-\u00c4r sj\u00e4lvg\u00e5ende, trygg i k\u00f6ket och servicevan<br>-Klarar h\u00f6gt tempo utan att tumma p\u00e5 kvalitet<br>-Gillar mat, lagarbete och \u00e4r engagerad<br><br>Servering <br>Vi s\u00f6ker dig som:<br>&#8211; Har erfarenhet fr\u00e5n restaurangbranchen<br>&#8211; \u00c4r serviceinriktad och kunskapshungrig<br>&#8211; Gillar att jobba i grupp och \u00e4r engagerad<br><br>Diskare 1 tj\u00e4nst<br>Vi s\u00f6ker dig som:<br>&#8211; Gillar h\u00f6gt tempo<br>&#8211; \u00c4r en lagspelare <br><\/p>\n\n\n\n<p>Vi s\u00f6ker extra personal inom servering.<br>Erfarenhet efterfr\u00e5gas!<\/p>\n\n\n\n<p>Vi s\u00f6ker extra personal i k\u00f6ket. <br>Erfarenhet efterfr\u00e5gas! <br><\/p>\n\n\n\n<p>Skicka din ans\u00f6kan med Cv och personlig brev  till: <a href=\"mailto:info@bryggerikrogen.se\">info@bryggerikrogen.se<\/a> <\/p>\n\n\n\n<p>Ingen ledig tj\u00e4nst som passar dig? Skicka en spontanans\u00f6kan, eftersom vi g\u00e4rna knyter nya kontakter om det skulle uppst\u00e5 behov.<\/p>\n\n\n\n<p>Mail: <a href=\"mailto:info@bryggerikrogen.se\">info@bryggerikrogen.se<\/a> <\/p>\n\n\n\n<p> <\/p>\n\n\n\n<div class=\"wp-block-buttons is-layout-flex wp-block-buttons-is-layout-flex\"><\/div>\n<\/div><figure class=\"wp-block-media-text__media\"><img loading=\"lazy\" decoding=\"async\" width=\"565\" height=\"750\" src=\"https:\/\/bryggerikrogen.se\/wp-content\/uploads\/2021\/05\/jobbahososs.png\" alt=\"\" class=\"wp-image-2247 size-full\" srcset=\"https:\/\/bryggerikrogen.se\/wp-content\/uploads\/2021\/05\/jobbahososs.png 565w, https:\/\/bryggerikrogen.se\/wp-content\/uploads\/2021\/05\/jobbahososs-226x300.png 226w\" sizes=\"(max-width: 565px) 100vw, 565px\" \/><\/figure><\/div>\n<\/div><\/div>\n\n\n\n\n\n\n\n<div class=\"wp-block-media-text is-stacked-on-mobile\"><figure class=\"wp-block-media-text__media\"><\/figure><div class=\"wp-block-media-text__content\">\n<p><\/p>\n<\/div><\/div>\n\n\n\n<div class=\"wp-block-media-text is-stacked-on-mobile\"><figure class=\"wp-block-media-text__media\"><\/figure><div class=\"wp-block-media-text__content\">\n<p><\/p>\n<\/div><\/div>\n","protected":false},"excerpt":{"rendered":"<p>V\u00e4lkommen till v\u00e5r restaurang Den 6 augusti 2015 \u00f6ppnade vi d\u00f6rrarna f\u00f6r f\u00f6rsta g\u00e5ngen. Sedan dess har grundtanken varit att servera riktig mat, gjord p\u00e5 svenska r\u00e5varor i s\u00e4song, naturligt vin och \u00f6l fr\u00e5n svenska bryggerier, i en v\u00e4lkomnande och hj\u00e4rtlig milj\u00f6. V\u00e5r pub I puben vill vi skapa en naturlig, avslappnad m\u00f6tesplats. P\u00e5 sommaren [&hellip;]<\/p>\n","protected":false},"author":4,"featured_media":5037,"parent":0,"menu_order":0,"comment_status":"closed","ping_status":"closed","template":"","meta":{"footnotes":""},"_links":{"self":[{"href":"https:\/\/bryggerikrogen.se\/index.php?rest_route=\/wp\/v2\/pages\/2191"}],"collection":[{"href":"https:\/\/bryggerikrogen.se\/index.php?rest_route=\/wp\/v2\/pages"}],"about":[{"href":"https:\/\/bryggerikrogen.se\/index.php?rest_route=\/wp\/v2\/types\/page"}],"author":[{"embeddable":true,"href":"https:\/\/bryggerikrogen.se\/index.php?rest_route=\/wp\/v2\/users\/4"}],"replies":[{"embeddable":true,"href":"https:\/\/bryggerikrogen.se\/index.php?rest_route=%2Fwp%2Fv2%2Fcomments&post=2191"}],"version-history":[{"count":37,"href":"https:\/\/bryggerikrogen.se\/index.php?rest_route=\/wp\/v2\/pages\/2191\/revisions"}],"predecessor-version":[{"id":5044,"href":"https:\/\/bryggerikrogen.se\/index.php?rest_route=\/wp\/v2\/pages\/2191\/revisions\/5044"}],"wp:featuredmedia":[{"embeddable":true,"href":"https:\/\/bryggerikrogen.se\/index.php?rest_route=\/wp\/v2\/media\/5037"}],"wp:attachment":[{"href":"https:\/\/bryggerikrogen.se\/index.php?rest_route=%2Fwp%2Fv2%2Fmedia&parent=2191"}],"curies":[{"name":"wp","href":"https:\/\/api.w.org\/{rel}","templated":true}]}}