{"id":2172,"date":"2021-05-04T14:30:49","date_gmt":"2021-05-04T12:30:49","guid":{"rendered":"https:\/\/bryggerikrogen.se\/?page_id=2172"},"modified":"2026-04-15T12:13:54","modified_gmt":"2026-04-15T10:13:54","slug":"restaurangen-duplicate-1","status":"publish","type":"page","link":"https:\/\/bryggerikrogen.se\/?page_id=2172","title":{"rendered":"Sommar p\u00e5 Bakg\u00e5rden"},"content":{"rendered":"\n<div class=\"wp-block-buttons is-content-justification-center is-layout-flex wp-container-core-buttons-layout-1 wp-block-buttons-is-layout-flex\">\n<div class=\"wp-block-button\"><a class=\"wp-block-button__link wp-element-button\">boka bord<\/a><\/div>\n<\/div>\n\n\n\n<div class=\"wp-block-group alignfull has-white-background-color has-background is-layout-flow wp-block-group-is-layout-flow\"><div class=\"wp-block-group__inner-container\">\n<div class=\"wp-block-media-text alignwide is-stacked-on-mobile\" style=\"grid-template-columns:35% auto\"><figure class=\"wp-block-media-text__media\"><img loading=\"lazy\" decoding=\"async\" width=\"722\" height=\"1024\" src=\"https:\/\/bryggerikrogen.se\/wp-content\/uploads\/2026\/03\/uteservering-3-722x1024.jpg\" alt=\"\" class=\"wp-image-5027 size-full\" srcset=\"https:\/\/bryggerikrogen.se\/wp-content\/uploads\/2026\/03\/uteservering-3-722x1024.jpg 722w, https:\/\/bryggerikrogen.se\/wp-content\/uploads\/2026\/03\/uteservering-3-212x300.jpg 212w, https:\/\/bryggerikrogen.se\/wp-content\/uploads\/2026\/03\/uteservering-3-768x1089.jpg 768w, https:\/\/bryggerikrogen.se\/wp-content\/uploads\/2026\/03\/uteservering-3-1083x1536.jpg 1083w, https:\/\/bryggerikrogen.se\/wp-content\/uploads\/2026\/03\/uteservering-3-1445x2048.jpg 1445w, https:\/\/bryggerikrogen.se\/wp-content\/uploads\/2026\/03\/uteservering-3-1200x1701.jpg 1200w, https:\/\/bryggerikrogen.se\/wp-content\/uploads\/2026\/03\/uteservering-3-1980x2807.jpg 1980w, https:\/\/bryggerikrogen.se\/wp-content\/uploads\/2026\/03\/uteservering-3-scaled.jpg 1806w\" sizes=\"(max-width: 722px) 100vw, 722px\" \/><\/figure><div class=\"wp-block-media-text__content\">\n<h5 class=\"wp-block-heading\">N\u00e4r v\u00e4rmen kommer vaknar Bakg\u00e5rden till liv !<\/h5>\n\n\n\n<p>N\u00e4r v\u00e4rmen och sommaren \u00e4ntligen kommer till Nora \u00f6ppnar vi upp Bakg\u00e5rden. <\/p>\n\n\n\n<p>16\/5 UTESERVERINGSPREMI\u00c4R MED ROS\u00c9 &amp; PLOCKBUFF\u00c9T<\/p>\n\n\n\n<p>SOMMAR KONCEPTET BAKG\u00c5RDEN HAR SOMMARPREMI\u00c4R 23\/6 15.00<br><br>\u00d6PETTIDER FR\u00c5N OCH MED VECKA 26 &#8211; 23\/6 TILL VECKA 33 &#8211; 15\/8.<br><strong>Tisdag: 11.30 &#8211; St\u00e4nger tidigast 22.00<br>Onsdag: 11.30 &#8211; St\u00e4nger tidigast 22.00<br>Torsdag: 11.30 \u2013 St\u00e4nger tidigast 22.00<br>Fredag: 11.30 \u2013 St\u00e4nger tidigast 23.30<br>L\u00f6rdag: 11.30 \u00a0\u2013 St\u00e4nger tidigast 23.30<\/strong> <\/p>\n\n\n\n<p>Bakg\u00e5rden \u00e4r en avslappnad milj\u00f6, med allt fr\u00e5n lunchen, eftermiddags h\u00e4nget till en ljuvlig middag. <br><br>Vi \u00f6ppnar 11.30 tisdag-l\u00f6rdag f\u00f6r lunch, h\u00e4r erbjuder vi en bredare lunchmeny och ni kommer hitta n\u00e5got gott att \u00e4ta som passar alla.<br>Lunchmenyn serveras 11.30-15.00.<br>15.00 byter vi meny till v\u00e5r kv\u00e4llsmeny. <br><br>Denna \u00e0 la carte-meny har n\u00e5got f\u00f6r alla \u2013 oavsett om du bara vill ha goda snacks till din dryck, njuta av en v\u00e4lsmakande varmr\u00e4tt eller unna dig en 5-r\u00e4tters avsmakningsmeny. <br>Meny uppl\u00e4gget \u00e4r en klassisk meny med f\u00f6rr\u00e4tter, varmr\u00e4tter &amp; desserter. <br>Vi erbjuder \u00e4ven en v\u00e4l genomt\u00e4nkt 5-r\u00e4tters avsmakningsmeny. <br>Menyn kommer finnas under fliken &#8221;menyer&#8221; n\u00e4r sommaren n\u00e4rmar sig!<br><br>H\u00e4r bjuder vi in till en avslappnad och hj\u00e4rtlig milj\u00f6, d\u00e4r b\u00e5de service och mat \u00e4r lika s\u00e5.<\/p>\n\n\n\n<p>Dryckerna vi h\u00e4ller i glasen \u00e4r v\u00e4l genomt\u00e4nka. Allt fr\u00e5n lokalt bryggd \u00f6l, mumsiga alkoholfria muster, trevliga drinkar till naturliga viner.\u00a0<\/p>\n\n\n\n<p>H\u00e5ll utkik p\u00e5 v\u00e5r Instagram efter v\u00e5ra temakv\u00e4llar och evenemang. <\/p>\n\n\n\n<div class=\"wp-block-buttons is-layout-flex wp-block-buttons-is-layout-flex\"><\/div>\n\n\n\n<div class=\"wp-block-buttons is-layout-flex wp-block-buttons-is-layout-flex\"><\/div>\n<\/div><\/div>\n\n\n\n<div class=\"wp-block-media-text alignwide has-media-on-the-right is-stacked-on-mobile\" style=\"grid-template-columns:auto 35%\"><div class=\"wp-block-media-text__content\">\n<h5 class=\"wp-block-heading\">Filosofi: genuint, gott och naturligt<\/h5>\n\n\n\n<p>Genuint \u2013 Det genuina ligger i hantverket, n\u00e5got vi inte tummar p\u00e5. Men det genuina ligger \u00e4ven i hur vi f\u00f6rh\u00e5ller oss till bem\u00f6tande, vilket ska vara p\u00e5 ett hj\u00e4rtligt och personligt s\u00e4tt. Du ska k\u00e4nna dig som hemma hos oss!<\/p>\n\n\n\n<p>Gott \u2013 Genom att kombinera svenska r\u00e5varor i s\u00e4song med v\u00e5r gedigna kunskap kan vi leverera god mat och dryck av h\u00f6g kvalitet, i en avslappnad milj\u00f6.<\/p>\n\n\n\n<p>Naturligt \u2013 Det kan inte upprepas nog med g\u00e5nger, att vi tar vara p\u00e5 det som erbjuds i v\u00e5r omgivning. V\u00e5r utg\u00e5ngspunkt \u00e4r att det naturliga, b\u00e5de p\u00e5 tallriken och i glaset, p\u00e5 en naturlig m\u00f6tesplats.<\/p>\n\n\n\n<div class=\"wp-block-media-text has-media-on-the-right is-stacked-on-mobile\" style=\"grid-template-columns:auto 74%\"><div class=\"wp-block-media-text__content\">\n<p><\/p>\n\n\n\n<h5 class=\"wp-block-heading\"> <\/h5>\n\n\n\n<div class=\"wp-block-buttons is-layout-flex wp-block-buttons-is-layout-flex\"><\/div>\n<\/div><figure class=\"wp-block-media-text__media\"><img loading=\"lazy\" decoding=\"async\" width=\"911\" height=\"1024\" src=\"https:\/\/bryggerikrogen.se\/wp-content\/uploads\/2025\/01\/9-1-911x1024.png\" alt=\"\" class=\"wp-image-4168 size-full\" srcset=\"https:\/\/bryggerikrogen.se\/wp-content\/uploads\/2025\/01\/9-1-911x1024.png 911w, https:\/\/bryggerikrogen.se\/wp-content\/uploads\/2025\/01\/9-1-267x300.png 267w, https:\/\/bryggerikrogen.se\/wp-content\/uploads\/2025\/01\/9-1-768x863.png 768w, https:\/\/bryggerikrogen.se\/wp-content\/uploads\/2025\/01\/9-1.png 1170w\" sizes=\"(max-width: 911px) 100vw, 911px\" \/><\/figure><\/div>\n\n\n\n<p> <\/p>\n<\/div><figure class=\"wp-block-media-text__media\"><img loading=\"lazy\" decoding=\"async\" width=\"821\" height=\"1024\" src=\"https:\/\/bryggerikrogen.se\/wp-content\/uploads\/2025\/01\/1-821x1024.png\" alt=\"\" class=\"wp-image-4163 size-full\" srcset=\"https:\/\/bryggerikrogen.se\/wp-content\/uploads\/2025\/01\/1-821x1024.png 821w, https:\/\/bryggerikrogen.se\/wp-content\/uploads\/2025\/01\/1-241x300.png 241w, https:\/\/bryggerikrogen.se\/wp-content\/uploads\/2025\/01\/1-768x958.png 768w, https:\/\/bryggerikrogen.se\/wp-content\/uploads\/2025\/01\/1.png 1170w\" sizes=\"(max-width: 821px) 100vw, 821px\" \/><\/figure><\/div>\n<\/div><\/div>\n","protected":false},"excerpt":{"rendered":"<p>N\u00e4r v\u00e4rmen kommer vaknar Bakg\u00e5rden till liv ! N\u00e4r v\u00e4rmen och sommaren \u00e4ntligen kommer till Nora \u00f6ppnar vi upp Bakg\u00e5rden. 16\/5 UTESERVERINGSPREMI\u00c4R MED ROS\u00c9 &amp; PLOCKBUFF\u00c9T SOMMAR KONCEPTET BAKG\u00c5RDEN HAR SOMMARPREMI\u00c4R 23\/6 15.00 \u00d6PETTIDER FR\u00c5N OCH MED VECKA 26 &#8211; 23\/6 TILL VECKA 33 &#8211; 15\/8.Tisdag: 11.30 &#8211; St\u00e4nger tidigast 22.00Onsdag: 11.30 &#8211; St\u00e4nger tidigast [&hellip;]<\/p>\n","protected":false},"author":4,"featured_media":5026,"parent":0,"menu_order":0,"comment_status":"closed","ping_status":"closed","template":"","meta":{"footnotes":""},"_links":{"self":[{"href":"https:\/\/bryggerikrogen.se\/index.php?rest_route=\/wp\/v2\/pages\/2172"}],"collection":[{"href":"https:\/\/bryggerikrogen.se\/index.php?rest_route=\/wp\/v2\/pages"}],"about":[{"href":"https:\/\/bryggerikrogen.se\/index.php?rest_route=\/wp\/v2\/types\/page"}],"author":[{"embeddable":true,"href":"https:\/\/bryggerikrogen.se\/index.php?rest_route=\/wp\/v2\/users\/4"}],"replies":[{"embeddable":true,"href":"https:\/\/bryggerikrogen.se\/index.php?rest_route=%2Fwp%2Fv2%2Fcomments&post=2172"}],"version-history":[{"count":38,"href":"https:\/\/bryggerikrogen.se\/index.php?rest_route=\/wp\/v2\/pages\/2172\/revisions"}],"predecessor-version":[{"id":5150,"href":"https:\/\/bryggerikrogen.se\/index.php?rest_route=\/wp\/v2\/pages\/2172\/revisions\/5150"}],"wp:featuredmedia":[{"embeddable":true,"href":"https:\/\/bryggerikrogen.se\/index.php?rest_route=\/wp\/v2\/media\/5026"}],"wp:attachment":[{"href":"https:\/\/bryggerikrogen.se\/index.php?rest_route=%2Fwp%2Fv2%2Fmedia&parent=2172"}],"curies":[{"name":"wp","href":"https:\/\/api.w.org\/{rel}","templated":true}]}}